ppose -8 = c*r - r - 2*a, -3*r - 3 = a. Is ((-18)/27)/(r/45) a prime number?
False
Is (10 - 4460823/(-36))/(12/16) composite?
False
Let a = -81468 + 167639. Is a prime?
True
Let w(t) = -t**2 - 22*t - 99. Let v be w(-7). Let s(j) = 1234*j + 23. Is s(v) a composite number?
True
Let s(i) = -2*i**3 - 53*i**2 - 56*i - 151. Is s(-30) a composite number?
False
Suppose -37*n + 42 = -36*n. Suppose -33*o = -31*o - n. Is 8/(-14) + 1 + 1776/o a prime number?
False
Suppose 6*m = -19*m + 26*m - 9527. Is m prime?
False
Let h = -193179 - -360818. Is h a composite number?
True
Let r(c) = -2*c**3 + 2*c**2 + 14*c - 5. Let i be r(12). Let m = i - -5242. Is m prime?
True
Let c(i) = i**3 + i**2 - 8*i - 10. Let m be c(-2). Suppose 4*w - 7010 = 3*o, 2*w + m*o + 5258 = 5*w. Is w a prime number?
False
Let t(k) = 159*k**2 + 244*k + 5104. Is t(-21) composite?
False
Let d(q) = 6*q**3 + 7*q**2 - 4*q + 11. Let j be d(-6). Let i be -26*7*20/8. Let l = i - j. Is l a composite number?
True
Let d = 2 + 1. Suppose 692 = d*s + 269. Is s a prime number?
False
Let s(t) = 188*t**2 - 9*t - 17. Let j be 4/21*-3 - (-46)/7. Is s(j) a composite number?
True
Suppose -3*m + m - 14327 = -3*o, 5*m - 19118 = -4*o. Let p = o - 486. Is p composite?
True
Let y = 191414 - 80563. Is y prime?
False
Suppose 0 = -4*i + 7*n + 538780 + 22594, 2*n + 280678 = 2*i. Is i prime?
True
Is (-527014110)/(-816) - (1 - 22/16) a composite number?
False
Let s(w) = -2*w**3 + 13*w**2 - 8*w - 82. Let n be s(11). Let b = n - -6120. Is b composite?
False
Suppose 84*h - 562967 - 266768 - 1648349 = 0. Is h a composite number?
False
Let v = -660 - -793. Suppose -129*r - 15964 = -v*r. Is r a composite number?
True
Suppose 687*s - 694*s = -8792. Let b = -553 + s. Is b composite?
True
Let h(c) = 63*c - 642. Is h(13) composite?
True
Let u(i) = 114*i - 1055. Is u(37) a composite number?
False
Let y be 3/(-2)*950/(-57). Suppose -3*p = -2*l - y, l + p - 2*p = -10. Let r(i) = -13*i**3 + 5*i**2 - 9*i + 6. Is r(l) prime?
True
Let v = 29189 - -45872. Is v composite?
True
Let q(k) be the second derivative of 17*k**6/80 + k**5/60 - 5*k**4/12 - 15*k. Let y(h) be the third derivative of q(h). Is y(1) a composite number?
True
Let c = 40 - 63. Let j(v) = 9*v**2 + 16*v + 16. Is j(c) prime?
True
Suppose -3*v = 15, -3*v = 2*g + 507 - 3120. Let y = g + -718. Let d = -265 + y. Is d a composite number?
False
Suppose -2*c + 296626 = -4*m, -c - 4*m = -47634 - 100661. Is c a prime number?
False
Suppose 0 = -12*q + 45 + 75. Is q/10*-1 - (0 - 572) a composite number?
False
Let i = -8 + 9. Let w be ((-3 + (i - -2))/3)/(-3). Suppose 3*y + 804 = 2*k + y, 2*k + 4*y - 834 = w. Is k a composite number?
True
Suppose 5*a - f = -5 + 6, 16 = 4*a + 3*f. Let v(q) = -32*q + 4. Let i be v(a). Is (12/28 - (-166)/i)*-206 a prime number?
False
Let n(x) = -21328*x**3 - x**2 - 3*x + 1. Is n(-2) a composite number?
False
Let q be 840/90*125886/(-4). Is ((-3)/(-6))/(((-7)/q)/1) a composite number?
False
Let s(v) = -3*v + 1 - 255*v + 8*v. Suppose 0 = -24*t + 12*t - 12. Is s(t) prime?
True
Let v = 95758 - 54628. Suppose k - v = -17*k. Suppose -7*a + 12*a = k. Is a composite?
False
Let o(p) = -2*p**2 + 20*p + 2. Let d be o(10). Suppose -3*y = 4*w + d*y - 58, 5*w - 68 = -4*y. Is (3414/w + 2)*(-8)/(-6) composite?
True
Let z(c) = 0 - 2 - 24 - 1 - 5*c. Let w be z(-6). Is (20/8)/(((-3)/(-194))/w) composite?
True
Let d(f) = 0 - 13*f - 1 - 58*f + 0. Let b be d(-14). Is (-1*b)/((-6)/4) composite?
True
Let z = -1892 + 8703. Let m = z - 3674. Is m a composite number?
False
Let o(c) = 879*c - 14. Let q be o(20). Suppose 0 = -4*n - 6234 + q. Is n prime?
True
Is ((-18)/(-72) - (-3 - 14/8)) + 17778 a prime number?
True
Suppose 112*i - 7095191 = -111*i. Is i composite?
False
Is (22/(-11) - (68726 + 1))/(-1) composite?
False
Suppose 6*l = -5*k + 952716, 15*l + 5*k - 793925 = 10*l. Is l a prime number?
True
Suppose 3*m - 4*m + 6 = 0. Let d be 0 - (-3 - m/(-2)). Suppose d*p = -5*p - 2*b + 915, b = 5. Is p a prime number?
True
Let i(h) = -551*h + 166. Suppose 0 = 6*a + 177 - 75. Is i(a) a composite number?
False
Let p = -414368 + 690519. Is p composite?
False
Let q(g) = -g**2 - g + 256. Let a be q(-17). Let b be (23/2)/(1/2). Let n = a + b. Is n a prime number?
True
Let x(h) = 778*h + 323. Let g(t) = -t**2 - 29*t - 13. Let j be g(-27). Is x(j) composite?
True
Let f(n) be the first derivative of -5*n**2/2 + 5461*n - 161. Is f(0) composite?
True
Let o(v) = -5*v - 12 + 3*v - 1984*v**2 + 14 + 4*v. Let p be o(-1). Let f = p + 4439. Is f composite?
True
Suppose 37*p = -98*p + 7918290. Is p a prime number?
False
Let m(s) be the third derivative of -253*s**6/40 + s**5/12 + s**4/6 - s**3/2 + 8*s**2 - 3. Is m(-2) a composite number?
True
Is (6 + 56/(-21))/(38/854031) a composite number?
True
Let k be 2/4 - 5/(-10). Suppose -3*f + 4*v - 35 = 0, -4*v + 4 = 3*f - k. Is (2/((-8)/(-998)))/(f/(-30)) prime?
False
Let r = -210 + 209. Is (-6)/(-15) - r/(10/111066) composite?
True
Is 2498655/20 + (-13)/(-52) a composite number?
True
Let y = -1081 + 1081. Suppose -3*o - 2*k = -46, -5*o + 2*k + 76 = 5*k. Suppose -o*f + 7*f + 9583 = y. Is f prime?
False
Let l(x) = -9001*x + 245. Is l(-26) a composite number?
False
Let n(g) = 14362*g + 227. Is n(6) a prime number?
True
Let f be 74*(-5 + 77/14). Suppose 30*v + 237461 = f*v. Is v a composite number?
False
Let p(v) = 5744*v**3 + 4*v**2 + 21*v - 208. Is p(7) a composite number?
False
Suppose 2*q + 274 = 4*q. Suppose 271*h - 648 = 4230. Let w = q - h. Is w a composite number?
True
Let y = -23 - -33. Let g be (66/9 - 2)*(-15)/y. Is ((-16282)/(-1))/(5 + g - -5) a prime number?
False
Suppose -5*b - 1053519 = -t, 25*b + 4214106 = 4*t + 20*b. Is t a composite number?
False
Suppose -8*n = -j - 1240239, -48*n = -51*n - 2*j + 465073. Is n a prime number?
False
Is 4/((-128)/(-1114552)) + (-6)/8 prime?
False
Let s = -84824 + 48313. Let d = s + 73754. Is d prime?
True
Suppose -79*v + 77*v = -10. Let p = 19657 + -9257. Suppose v*g = p + 8765. Is g composite?
False
Let j = -165 - -174. Suppose 0 = 6*c - j*c + 5847. Is c a prime number?
True
Suppose 0 = 51*k + 90601 - 291133. Let j(c) = -7010*c**3 + c**2 - c - 1. Let w be j(-1). Let l = w - k. Is l a prime number?
True
Let o(k) = 30*k**3 + 2*k**2 - 2*k - 43. Suppose 5 = 4*n - 3*n. Is o(n) composite?
True
Suppose -9*c + 2054513 - 201102 = -933160. Is c composite?
True
Let o = -2 + 39. Suppose -s - 25 - o = 0. Let d = 285 + s. Is d a composite number?
False
Suppose 21*b - 26*b = 690. Let k = 48 - b. Let y = 377 - k. Is y composite?
False
Suppose 35*n - 41*n - 23034 = 0. Let v = n - -9220. Is v prime?
True
Suppose 2*q - c - 227 - 56 = 0, 2*c + 284 = 2*q. Let r = 772 - q. Is r prime?
True
Let j(b) = 224*b**2 + 4*b - 21. Let x be j(-5). Is (-34)/17 + 5/(5/x) composite?
False
Let o(v) = 6*v + 971. Let x = -41 - -41. Is o(x) prime?
True
Let r(t) = 3353*t**3 + 2*t**2 - 2. Let n be r(1). Let h = 1430 + n. Is h prime?
True
Let r = 31 - 27. Suppose -4*h + r = 0, 5*n - 1289 = -0*n - 4*h. Suppose n = 2*m - 617. Is m a composite number?
True
Is (-2458)/(25/(6700/(-8))) a prime number?
False
Suppose -326340 = -10*d + 97010. Let v = -29746 + d. Is v a prime number?
True
Let p = -508 - -464. Is 25017 - (p/(-12) - (-1)/3) prime?
True
Let h(x) = -x**3 + 5*x**2 - 11*x - 11. Let w(s) be the first derivative of s**2/2 + 3*s - 27. Let j be w(-9). Is h(j) composite?
True
Suppose -v + 38576 = -s, 0 = 3*v - 4*s - 39604 - 76123. Suppose 0 = -9*u + v + 31614. Is u prime?
False
Suppose -124*h = -15*h + 29*h - 78161406. Is h composite?
False
Let d(w) = -w**3 - 36*w**2 - 68*w - 88. Suppose -49*n + 60*n + 407 = 0. Is d(n) a composite number?
False
Suppose 6*n + 15*n = -14637. Let u = n - -1784. Is u a composite number?
False
Suppose 7*j - 207 + 186 = 0. Suppose -j*s = -34363 + 9772. Is s a composite number?
True
Suppose -2*i = 3*f - 48469, 4*i = -3*f - 15584 + 112519. Is i prime?
False
Is 0 - (-19 + (-3555736)/19) prime?
True
Suppose 1 = 2*c + 5*p - 2, 5*c + 2*p + 24 = 0. Let t(l) = -2*l**2 - 11*l + 10. Let z be t(c). Suppose 2*o - 422 = z*a + 420, 4*a = 3*o - 1261. Is o composite?
False
Let o = 2151463 + -166830. Is o prime?
False
Is (173924/6)/(((-52)/(-143))/(6/11)) composite?
False
Let k(s) = s**3 + 5*s**2 - 10*s - 21. Let d be k(-6). Is (-58)/d*873/(-6) pr